{"id":4446,"date":"2020-10-16T17:44:46","date_gmt":"2020-10-16T22:44:46","guid":{"rendered":"https:\/\/saggaac.com\/saggapg\/?page_id=4446"},"modified":"2022-05-20T09:10:24","modified_gmt":"2022-05-20T14:10:24","slug":"analitica-detalle","status":"publish","type":"page","link":"https:\/\/saggaac.com\/saggapg\/soluciones-y-servicios-especializados-sagga\/analitica-detalle\/","title":{"rendered":"Anal\u00edtica."},"content":{"rendered":"\n<p class=\"text-justify\">Analice distintos conjuntos de datos y convi\u00e9rtalos en conocimiento para tomar decisiones basados en informaci\u00f3n veraz, oportuna y de calidad. La anal\u00edtica permite a las organizaciones tomar decisiones y definir estrategias con el uso de modelos, an\u00e1lisis predictivos o aprendizaje autom\u00e1tico que mejora la eficiencia, optimiza esfuerzos y les permite responder m\u00e1s r\u00e1pidamente a tendencias del mercado para obtener una ventaja competitiva sobre los dem\u00e1s<\/p>\n\n\n\n<figure class=\"wp-block-image size-large\"><img loading=\"lazy\" width=\"1024\" height=\"599\" src=\"https:\/\/saggaac.com\/saggapg\/wp-content\/uploads\/2020\/11\/Saggafoto1-1024x599.jpg\" alt=\"\" class=\"wp-image-4483\" srcset=\"https:\/\/saggaac.com\/saggapg\/wp-content\/uploads\/2020\/11\/Saggafoto1-1024x599.jpg 1024w, https:\/\/saggaac.com\/saggapg\/wp-content\/uploads\/2020\/11\/Saggafoto1-300x176.jpg 300w, https:\/\/saggaac.com\/saggapg\/wp-content\/uploads\/2020\/11\/Saggafoto1-768x449.jpg 768w, https:\/\/saggaac.com\/saggapg\/wp-content\/uploads\/2020\/11\/Saggafoto1-1536x899.jpg 1536w, https:\/\/saggaac.com\/saggapg\/wp-content\/uploads\/2020\/11\/Saggafoto1.jpg 2000w\" sizes=\"(max-width: 1024px) 100vw, 1024px\" \/><\/figure>\n\n\n\n<h3>Data Visualization<\/h3>\n\n\n\n<p class=\"text-justify\">Con Data Visualizations represente graficamente&nbsp; la informaci\u00f3n y los datos, usando&nbsp; elementos visuales como cuadros, gr\u00e1ficos,barras, mapas y demas herramientas de visualizaci\u00f3n de datos que proporcionan una forma accesible de ver y comprender tendencias, valores at\u00edpicos y patrones en los datos.<\/p>\n\n\n\n<h3>Business Intelligence<\/h3>\n\n\n\n<p class=\"text-justify\">Business Intelligence le permite transformar los datos y convertirlos en&nbsp; informaci\u00f3n que genere conocimiento para mejorar el proceso en la toma de decisiones a partir de datos veraces y relevantes que le permitan al&nbsp; usuario obtener y analizar la informaci\u00f3n que necesita.<\/p>\n\n\n\n<h3>Machine Learning<\/h3>\n\n\n\n<p class=\"text-justify\">Machine Learning es m\u00e9todo anal\u00edtico que le permite a un sistema de forma automatizada, aprender o descubrir patrones, tendencias y relaciones entre los datos, generando conocimiento en cada interacci\u00f3n a trav\u00e9s de Inteligencia Artificial. Se encarga de reconocer patrones en conjuntos de datos y extraer informaci\u00f3n o decidir acciones a realizar en base a dichos patrones y as\u00ed pasar de lo reactivo a lo proactivo.<\/p>\n\n\n\n<h3>Big Data<\/h3>\n\n\n\n<p class=\"text-justify\">Big Data utiliza miner\u00eda de datos, an\u00e1lisis predictivo y aprendizaje autom\u00e1tico sobre grandes vol\u00famenes de datos estructurados o no estructurados para descubrir patrones utilizando modelos estad\u00edsticos, inteligencia artificial o aprendizaje autom\u00e1tico transform\u00e1ndolos en informaci\u00f3n comprensible para el an\u00e1lisis.<\/p>\n","protected":false},"excerpt":{"rendered":"<p>Analice distintos conjuntos de datos y convi\u00e9rtalos en conocimiento para tomar decisiones basados en informaci\u00f3n veraz, oportuna y de calidad. La anal\u00edtica permite a las organizaciones tomar decisiones y definir estrategias con el uso de modelos, an\u00e1lisis predictivos o aprendizaje autom\u00e1tico que mejora la eficiencia, optimiza esfuerzos y les permite responder m\u00e1s r\u00e1pidamente a tendencias del mercado para obtener una [&hellip;]<\/p>\n","protected":false},"author":1,"featured_media":0,"parent":4000,"menu_order":0,"comment_status":"closed","ping_status":"closed","template":"","meta":[],"uagb_featured_image_src":{"full":false,"thumbnail":false,"medium":false,"medium_large":false,"large":false,"elegant_blocks_team_1":false,"elegant_blocks_blog_1":false,"elegant_blocks_slider_1":false,"1536x1536":false,"2048x2048":false,"bizberg_medium":false,"bizberg_gallery":false,"bizberg_blog_list":false,"bizberg_detail_image":false,"bizberg_detail_image_no_sidebar":false,"bizberg_portfolio_homepage":false,"bizberg_blog_list_no_sidebar_1":false},"uagb_author_info":{"display_name":"admin","author_link":"https:\/\/saggaac.com\/saggapg\/author\/admin\/"},"uagb_comment_info":0,"uagb_excerpt":"Analice distintos conjuntos de datos y convi\u00e9rtalos en conocimiento para tomar decisiones basados en informaci\u00f3n veraz, oportuna y de calidad. La anal\u00edtica permite a las organizaciones tomar decisiones y definir estrategias con el uso de modelos, an\u00e1lisis predictivos o aprendizaje autom\u00e1tico que mejora la eficiencia, optimiza esfuerzos y les permite responder m\u00e1s r\u00e1pidamente a tendencias&hellip;","_links":{"self":[{"href":"https:\/\/saggaac.com\/saggapg\/wp-json\/wp\/v2\/pages\/4446"}],"collection":[{"href":"https:\/\/saggaac.com\/saggapg\/wp-json\/wp\/v2\/pages"}],"about":[{"href":"https:\/\/saggaac.com\/saggapg\/wp-json\/wp\/v2\/types\/page"}],"author":[{"embeddable":true,"href":"https:\/\/saggaac.com\/saggapg\/wp-json\/wp\/v2\/users\/1"}],"replies":[{"embeddable":true,"href":"https:\/\/saggaac.com\/saggapg\/wp-json\/wp\/v2\/comments?post=4446"}],"version-history":[{"count":6,"href":"https:\/\/saggaac.com\/saggapg\/wp-json\/wp\/v2\/pages\/4446\/revisions"}],"predecessor-version":[{"id":4690,"href":"https:\/\/saggaac.com\/saggapg\/wp-json\/wp\/v2\/pages\/4446\/revisions\/4690"}],"up":[{"embeddable":true,"href":"https:\/\/saggaac.com\/saggapg\/wp-json\/wp\/v2\/pages\/4000"}],"wp:attachment":[{"href":"https:\/\/saggaac.com\/saggapg\/wp-json\/wp\/v2\/media?parent=4446"}],"curies":[{"name":"wp","href":"https:\/\/api.w.org\/{rel}","templated":true}]}}