{"id":421,"date":"2019-03-01T13:08:29","date_gmt":"2019-03-01T13:08:29","guid":{"rendered":"http:\/\/bizberg.cyclonethemes.com\/?page_id=421"},"modified":"2025-01-27T12:54:06","modified_gmt":"2025-01-27T17:54:06","slug":"simple-homepage","status":"publish","type":"page","link":"https:\/\/saggaac.com\/saggapg\/","title":{"rendered":"Simple Homepage"},"content":{"rendered":"\n\t\t<div class=\"slider-main mb_slider_3 \">\n\n\t\t\t\n      \t\t<div class=\"slider-list slider-item\" id=\"slider_1_pfppDROzgHpq\">\n\n      \t\t\t\n\t        \t\t<div class=\"s-item\">\n\t          \t\t\t<img width=\"1600\" height=\"1000\" src=\"https:\/\/saggaac.com\/saggapg\/wp-content\/uploads\/2019\/03\/slider3-1600x1000.jpg\" class=\"attachment-elegant_blocks_slider_1 size-elegant_blocks_slider_1 wp-post-image\" alt=\"Automatizaci\u00f3n &#038; automatismos\" loading=\"lazy\" \/>\n\t\t\t          \t<div class=\"s-caption off animated_box animated fadeInUp\">\n\n\t\t\t            \t<h1 \n\t\t\t            \tstyle=\"font-size: 40px;margin-top: 0px;margin-bottom: 5px\" \n\t\t\t            \tclass=\"white mar-bottom-20 animated1 animated off\">\n\t\t\t\t\t \t\t<span style=\"color:\">Automatizaci\u00f3n<\/span> &#038; automatismos\t\t\t            \t\n\t\t\t            \t<\/h1>\n\n\t\t\t            \t\n\t\n\n\t\n\t\t\t            \t<p \n\t\t\t            \tstyle=\"margin-top: 0px;margin-bottom: 20px;    text-align: justify !important;\" \n\t\t\t            \tclass=\"mar-bottom-40 animated2 animated off slider_subtitle\">\n\t\t\t            \t\tLa automatizaci\u00f3n de procesos permite a las empresas gestionar de una forma m\u00e1s r\u00e1pida y efectiva las tareas del d\u00eda a d\u00eda, permitiendo liberar tiempo y recursos para actividades de innovaci\u00f3n que agreguen un mayor crecimiento y valor tanto al colaborador como a la empresa.\t\t\t            \t<\/p>\n\n\t\t\t            \t\t\t\t\t            \t<a \n\t\t\t\t            \thref=\"https:\/\/saggaac.com\/saggapg\/ct_slider\/welcome-to-cafeberg-restaurant\/\" \n\t\t\t\t            \tclass=\"btn btn-white animated3 animated slider_read_more off\"\n\t\t\t\t            \tstyle=\"border-radius: 7px;background:none; border: 1px solid #FFFFFF;#f04d4e;color: #fff\">\n\t\t\t\t            \t\tM\u00e1s Informaci\u00f3n\t\t\t\t            \t<\/a>\n\t\t\t\t            \t\n\t\t\t          \t<\/div>\n\t          \t\t\t<div class=\"black-overlay\"><\/div>\n\t        \t\t<\/div>\n\n\t        \t\t\n\t        \t\t<div class=\"s-item\">\n\t          \t\t\t<img width=\"1600\" height=\"1000\" src=\"https:\/\/saggaac.com\/saggapg\/wp-content\/uploads\/2019\/06\/saggaacapps2020-1600x1000.jpg\" class=\"attachment-elegant_blocks_slider_1 size-elegant_blocks_slider_1 wp-post-image\" alt=\"Ciclo de vida de aplicaciones\" loading=\"lazy\" \/>\n\t\t\t          \t<div class=\"s-caption off animated_box animated fadeInUp\">\n\n\t\t\t            \t<h1 \n\t\t\t            \tstyle=\"font-size: 40px;margin-top: 0px;margin-bottom: 5px\" \n\t\t\t            \tclass=\"white mar-bottom-20 animated1 animated off\">\n\t\t\t\t\t \t\t<span style=\"color:\">Ciclo<\/span> de vida de aplicaciones\t\t\t            \t\n\t\t\t            \t<\/h1>\n\n\t\t\t            \t\n\t\n\n\t\n\t\t\t            \t<p \n\t\t\t            \tstyle=\"margin-top: 0px;margin-bottom: 20px;    text-align: justify !important;\" \n\t\t\t            \tclass=\"mar-bottom-40 animated2 animated off slider_subtitle\">\n\t\t\t            \t\tLa gesti\u00f3n del ciclo de vida de las aplicaciones ALM (Application Lifecycle Management) es el proceso que permite controlar las actividades de la aplicaci\u00f3n para mejorar la calidad y rendimiento, ademas de vulnerabilidades de seguridad garantizando que la aplicaci\u00f3n agregue valor a la empresa.\t\t\t            \t<\/p>\n\n\t\t\t            \t\t\t\t\t            \t<a \n\t\t\t\t            \thref=\"https:\/\/saggaac.com\/saggapg\/ct_slider\/we-provide-way-to-success\/\" \n\t\t\t\t            \tclass=\"btn btn-white animated3 animated slider_read_more off\"\n\t\t\t\t            \tstyle=\"border-radius: 7px;background:none; border: 1px solid #FFFFFF;#f04d4e;color: #fff\">\n\t\t\t\t            \t\tM\u00e1s Informaci\u00f3n\t\t\t\t            \t<\/a>\n\t\t\t\t            \t\n\t\t\t          \t<\/div>\n\t          \t\t\t<div class=\"black-overlay\"><\/div>\n\t        \t\t<\/div>\n\n\t        \t\t\n\t        \t\t<div class=\"s-item\">\n\t          \t\t\t<img width=\"1600\" height=\"1000\" src=\"https:\/\/saggaac.com\/saggapg\/wp-content\/uploads\/2019\/03\/slider2-1600x1000.jpg\" class=\"attachment-elegant_blocks_slider_1 size-elegant_blocks_slider_1 wp-post-image\" alt=\"Cloud (Servicios en la Nube)\" loading=\"lazy\" \/>\n\t\t\t          \t<div class=\"s-caption off animated_box animated fadeInUp\">\n\n\t\t\t            \t<h1 \n\t\t\t            \tstyle=\"font-size: 40px;margin-top: 0px;margin-bottom: 5px\" \n\t\t\t            \tclass=\"white mar-bottom-20 animated1 animated off\">\n\t\t\t\t\t \t\t<span style=\"color:\">Cloud<\/span> (Servicios en la Nube)\t\t\t            \t\n\t\t\t            \t<\/h1>\n\n\t\t\t            \t\n\t\n\n\t\n\t\t\t            \t<p \n\t\t\t            \tstyle=\"margin-top: 0px;margin-bottom: 20px;    text-align: justify !important;\" \n\t\t\t            \tclass=\"mar-bottom-40 animated2 animated off slider_subtitle\">\n\t\t\t            \t\tImportante catalizador de la cuarta revoluci\u00f3n industrial que permite a las organizaciones de cualquier naturaleza acceder a tecnolog\u00edas disruptivas en cuesti\u00f3n de segundos y a bajo costo permitiendo a las empresas concentrarse en la innovaci\u00f3n tecnol\u00f3gica en lugar de la operaci\u00f3n.\t\t\t            \t<\/p>\n\n\t\t\t            \t\t\t\t\t            \t<a \n\t\t\t\t            \thref=\"https:\/\/saggaac.com\/saggapg\/ct_slider\/consult-your-business-with-us\/\" \n\t\t\t\t            \tclass=\"btn btn-white animated3 animated slider_read_more off\"\n\t\t\t\t            \tstyle=\"border-radius: 7px;background:none; border: 1px solid #FFFFFF;#f04d4e;color: #fff\">\n\t\t\t\t            \t\tM\u00e1s Informaci\u00f3n\t\t\t\t            \t<\/a>\n\t\t\t\t            \t\n\t\t\t          \t<\/div>\n\t          \t\t\t<div class=\"black-overlay\"><\/div>\n\t        \t\t<\/div>\n\n\t        \t\t        \n\t      \t<\/div>\n\n\t      \t\n\t    <\/div>\n\n    <script>\n    \t\n    \tjQuery(document).ready(function($){  \n\n    \t\tvar slider_1 = '#slider_1_' + \"pfppDROzgHpq\";\n\n\t\t  \t$(slider_1).on('init', function(event, slick){\n\n\t\t    \t$( slider_1 + ' .animated1').addClass(\"fadeInLeft\");\n\t\t    \t$( slider_1 + ' .animated2').addClass(\"fadeInRight\");\n\t\t    \t$( slider_1 + ' .animated3').addClass(\"fadeInUp\");\n\t\t    \t$( slider_1 + ' .animated_box').addClass(\"fadeInUp\");\n\t\t    \t$( slider_1 + ' .animated_date_cat').addClass(\"fadeInUp\");\n\n\t\t    \t$( slider_1 + ' .animated1').removeClass('off');\n\t\t    \t$( slider_1 + ' .animated2').removeClass('off');\n\t\t    \t$( slider_1 + ' .animated3').removeClass('off');\n\t\t    \t$( slider_1 + ' .animated_box').removeClass('off');\t\n\t\t    \t$( slider_1 + ' .animated_date_cat').removeClass('off');\t\n\n\t\t  \t});   \n\n\t\t  \t$(slider_1).slick({\n\n\t\t    \tautoplay: true,\n\t\t    \tautoplaySpeed: 6000,\n\t\t    \tpauseOnHover: true,\n\t\t    \tdots:true,\n\t\t    \tvertical: false,\n\t\t    \tarrows: false,\n\t\t    \tspeed:3000,\n\t\t    \tdraggable:false,\n\t\t    \tswipe: false,\n\t\t\t\tswipeToSlide: false,\n\t\t\t\ttouchMove: false\n\n\t\t  \t});     \n\n\t\t  \t$(slider_1).on('afterChange', function(event, slick, currentSlide) {\n\n\t\t    \t$(slider_1 +' .animated1').removeClass('off');\n\t\t    \t$(slider_1 +' .animated1').addClass(\"fadeInLeft\");\n\n\t\t     \t$(slider_1 +' .animated2').removeClass('off');\n\t\t    \t$(slider_1 +' .animated2').addClass(\"fadeInRight\");\n\n\t\t     \t$(slider_1 +' .animated3').removeClass('off');\n\t\t    \t$(slider_1 +' .animated3').addClass(\"fadeInUp\");\n\n\t\t    \t$(slider_1 +' .animated_box').removeClass('off');\n\t\t    \t$(slider_1 +' .animated_box').addClass(\"fadeInUp\");\n\n\t\t    \t$(slider_1 +' .animated_date_cat').removeClass('off');\n\t\t    \t$(slider_1 +' .animated_date_cat').addClass(\"fadeInUp\");\n\n\t\t  \t});   \n\n\t\t  \t$(slider_1).on('beforeChange', function(event, slick, currentSlide) {\n\n\t\t    \t$(slider_1 +' .animated1').removeClass(\"fadeInLeft\");\n\t\t    \t$(slider_1 +' .animated1').addClass('off');\n\n\t\t    \t$(slider_1 +' .animated2').removeClass(\"fadeInRight\");\n\t\t    \t$(slider_1 +' .animated2').addClass('off');\n\n\t\t       \t$(slider_1 +' .animated3').addClass('off');\n\t\t    \t$(slider_1 +' .animated3').removeClass(\"fadeInUp\");\n\n\t\t    \t$(slider_1 +' .animated_box').addClass('off');\n\t\t    \t$(slider_1 +' .animated_box').removeClass(\"fadeInUp\");\n\n\t\t    \t$(slider_1 +' .animated_date_cat').addClass('off');\n\t\t    \t$(slider_1 +' .animated_date_cat').removeClass(\"fadeInUp\");\n\n\t\t  \t});\n\n\t\t});\n\n    <\/script>\n\n    <style>\n\n    \t\n    \t#slider_1_pfppDROzgHpq .black-overlay{\n    \t\tbackground: linear-gradient( to right, rgba(0,0,0,0.63) , rgba(0,0,0,0.43) );\n    \t}\n    \t#slider_1_pfppDROzgHpq .animated1 {\n\t\t  \tanimation-duration: 1s;\n\t\t  \tanimation-delay: .5s;\n\t\t}\n\t\t#slider_1_pfppDROzgHpq .animated2 {\n\t\t  \tanimation-duration: 1.5s;\n\t\t  \tanimation-delay: 1s;\n\t\t}\n\t\t#slider_1_pfppDROzgHpq .animated3 {\n\t\t  \tanimation-duration: 2s;\n\t\t  \tanimation-delay: .5s;\n\t\t}\n\t\t#slider_1_pfppDROzgHpq .animated_date_cat {\n\t\t  \tanimation-duration: 1.5s;\n\t\t  \tanimation-delay: .5s;\n\t\t}\n\t\t#slider_1_pfppDROzgHpq.slider-list .slick-prev:hover, \n\t\t#slider_1_pfppDROzgHpq.slider-list .slick-next:hover {\n\t\t    background: #1997d2;\n\t\t}\n\t\t#slider_1_pfppDROzgHpq.slider-list .slick-dots li.slick-active button:before{\n\t\t\tbackground: #1997d2;\n\t\t}\n\n\t\t\/**\n\t\t * Responsive\n\t\t *\/\n\n\t\t@media (min-width: 768px) and (max-width: 1024px) , (min-width: 768px) and (max-width: 1024px) and (orientation: landscape) {\n\t\t  \t#slider_1_pfppDROzgHpq h1{\n\t\t  \t\tmargin-top : 0px !important;\n\t\t  \t\tmargin-bottom : 0px !important;\n\t\t  \t}\n\t\t}\n\n\t\t@media (min-width: 300px) and (max-width: 767px) {\n\t\t\t#slider_1_pfppDROzgHpq h1{\n\t\t  \t\tmargin-top : 0px !important;\n\t\t  \t\tmargin-bottom : 0px !important;\n\t\t  \t}\n\t\t}\n\n\t\t@media (min-width: 768px) and (max-width: 1024px) , (min-width: 768px) and (max-width: 1024px) and (orientation: landscape) {\n\t\t  \t#slider_1_pfppDROzgHpq p.slider_subtitle {\n\t\t  \t\tmargin-top : 0px !important;\n\t\t  \t\tmargin-bottom : 20px !important;\n\t\t  \t}\n\t\t}\n\n\t\t@media (min-width: 300px) and (max-width: 767px) {\n\t\t\t#slider_1_pfppDROzgHpq p.slider_subtitle {\n\t\t  \t\tmargin-top : 0px !important;\n\t\t  \t\tmargin-bottom : 20px !important;\n\t\t  \t}\n\t\t}\n\n    <\/style>\n\n\t\n\n\t\n\n\t<div \n\tid=\"eb_client_OhqjcA9withKTITrO0T4\"\n\tclass=\" partner-main eb_client_style_1\">\n      \t<div \n      \tstyle=\"margin-top:-138px; padding-bottom: 40px; padding-left: 0px; padding-right: 0px;\" \n      \tclass=\"partner-list\">\n\n      \t\t<div class=\"container\">\n\n\t      \t\t\n\t            \t<div class=\"row partner-item\">\n\n\t\t            \t\n\t\t            \t\t<div class=\"col-md-3\">\n\t\t\t                \t<div class=\"partner-list\">\n\t\t\t                    \t<a \n\t\t\t                    \thref=\"#\" \n\t\t\t                    \t>\n\t\t\t                    \t\t<img width=\"224\" height=\"127\" src=\"https:\/\/saggaac.com\/saggapg\/wp-content\/uploads\/2019\/03\/OT-Latam-e1738346284371.png\" class=\"attachment-post-thumbnail size-post-thumbnail wp-post-image\" alt=\"\" loading=\"lazy\" \/>\t\t\t                    \t<\/a>\n\t\t\t                \t<\/div>\n\t\t\t              \t<\/div>\n\n\t\t            \t\t\n\t\t            \t\t<div class=\"col-md-3\">\n\t\t\t                \t<div class=\"partner-list\">\n\t\t\t                    \t<a \n\t\t\t                    \thref=\"#\" \n\t\t\t                    \t>\n\t\t\t                    \t\t<img width=\"455\" height=\"127\" src=\"https:\/\/saggaac.com\/saggapg\/wp-content\/uploads\/2019\/03\/DATADOG-LARGO-e1738345985509.png\" class=\"attachment-post-thumbnail size-post-thumbnail wp-post-image\" alt=\"\" loading=\"lazy\" srcset=\"https:\/\/saggaac.com\/saggapg\/wp-content\/uploads\/2019\/03\/DATADOG-LARGO-e1738345985509.png 455w, https:\/\/saggaac.com\/saggapg\/wp-content\/uploads\/2019\/03\/DATADOG-LARGO-e1738345985509-300x84.png 300w\" sizes=\"(max-width: 455px) 100vw, 455px\" \/>\t\t\t                    \t<\/a>\n\t\t\t                \t<\/div>\n\t\t\t              \t<\/div>\n\n\t\t            \t\t\n\t\t            \t\t<div class=\"col-md-3\">\n\t\t\t                \t<div class=\"partner-list\">\n\t\t\t                    \t<a \n\t\t\t                    \thref=\"#\" \n\t\t\t                    \t>\n\t\t\t                    \t\t<img width=\"398\" height=\"127\" src=\"https:\/\/saggaac.com\/saggapg\/wp-content\/uploads\/2020\/10\/arc.png\" class=\"attachment-post-thumbnail size-post-thumbnail wp-post-image\" alt=\"\" loading=\"lazy\" srcset=\"https:\/\/saggaac.com\/saggapg\/wp-content\/uploads\/2020\/10\/arc.png 398w, https:\/\/saggaac.com\/saggapg\/wp-content\/uploads\/2020\/10\/arc-300x96.png 300w\" sizes=\"(max-width: 398px) 100vw, 398px\" \/>\t\t\t                    \t<\/a>\n\t\t\t                \t<\/div>\n\t\t\t              \t<\/div>\n\n\t\t            \t\t\n\t\t            \t\t<div class=\"col-md-3\">\n\t\t\t                \t<div class=\"partner-list\">\n\t\t\t                    \t<a \n\t\t\t                    \thref=\"#\" \n\t\t\t                    \t>\n\t\t\t                    \t\t<img width=\"398\" height=\"127\" src=\"https:\/\/saggaac.com\/saggapg\/wp-content\/uploads\/2019\/03\/03aranda.png\" class=\"attachment-post-thumbnail size-post-thumbnail wp-post-image\" alt=\"\" loading=\"lazy\" srcset=\"https:\/\/saggaac.com\/saggapg\/wp-content\/uploads\/2019\/03\/03aranda.png 398w, https:\/\/saggaac.com\/saggapg\/wp-content\/uploads\/2019\/03\/03aranda-300x96.png 300w\" sizes=\"(max-width: 398px) 100vw, 398px\" \/>\t\t\t                    \t<\/a>\n\t\t\t                \t<\/div>\n\t\t\t              \t<\/div>\n\n\t\t            \t\t\n\t            \t<\/div>\n\n\t            \t\t\n\n            <\/div>\n            \t\n      \t<\/div>\n\n  \t<\/div>\n\n\t<script>\n\tjQuery(document).ready(function(){\n\t\tjQuery( \"#eb_client_OhqjcA9withKTITrO0T4\" + ' .partner-item').slick({\n\t      \tinfinite: true,\n\t      \tautoplay: true,\n\t      \tarrows: false,\n\t      \tdots: false,\n\t      \tslidesToShow: 4,\n\t      \tslidesToScroll: 1,\n\t      \tresponsive: [\n\t        \t{\n\t          \t\tbreakpoint: 640,\n\t          \t\tsettings: {\n\t            \t\tslidesToShow: 3,\n\t            \t\tslidesToScroll: 1,\n\t            \t\tinfinite: true,\n\t          \t\t}\n\t        \t},\n\t        \t{\n\t          \t\tbreakpoint: 480,\n\t          \t\tsettings: {\n\t            \t\tslidesToShow: 1,\n\t            \t\tslidesToScroll: 1,\n\t            \t\tinfinite: true,\n\t          \t\t}\n\t        \t}\n\t        ]\n\t    });\t\n\t});\t\t\n\t<\/script>\n\n\t<style>\n\t\t#eb_client_OhqjcA9withKTITrO0T4 .clients_title_desc h2:after{\n\t\t\tborder-color: #0dbae8;\n\t\t}\n\n\t\t\/* \n          ##Device = Tablets, Ipads (portrait)\n        *\/    \n\n        @media (min-width: 768px) and (max-width: 1024px) , (min-width: 768px) and (max-width: 1024px) and (orientation: landscape) {\n\n            #eb_client_OhqjcA9withKTITrO0T4 .partner-list {\n                margin-top: 25px !important;\n                margin-bottom: 25px !important;\n                margin-left: 0px !important;\n                margin-right: 0px !important;\n            }\n\n        } \n\n        \/* \n          ##Device = Most of the Smartphones Mobiles (Portrait)\n        *\/\n\n        @media (min-width: 300px) and (max-width: 767px) {\n\n        \t#eb_client_OhqjcA9withKTITrO0T4 .partner-list {\n                margin-top: 20px !important;\n                margin-bottom: 5px !important;\n                margin-left: 0px !important;\n                margin-right: 0px !important;\n            }\n\n        }\n\n\t<\/style>\n\n\t\n\n\n<p><\/p>\n","protected":false},"excerpt":{"rendered":"","protected":false},"author":1,"featured_media":0,"parent":0,"menu_order":0,"comment_status":"closed","ping_status":"closed","template":"page-templates\/full-width.php","meta":[],"uagb_featured_image_src":{"full":false,"thumbnail":false,"medium":false,"medium_large":false,"large":false,"elegant_blocks_team_1":false,"elegant_blocks_blog_1":false,"elegant_blocks_slider_1":false,"1536x1536":false,"2048x2048":false,"bizberg_medium":false,"bizberg_gallery":false,"bizberg_blog_list":false,"bizberg_detail_image":false,"bizberg_detail_image_no_sidebar":false,"bizberg_portfolio_homepage":false,"bizberg_blog_list_no_sidebar_1":false},"uagb_author_info":{"display_name":"admin","author_link":"https:\/\/saggaac.com\/saggapg\/author\/admin\/"},"uagb_comment_info":0,"uagb_excerpt":null,"_links":{"self":[{"href":"https:\/\/saggaac.com\/saggapg\/wp-json\/wp\/v2\/pages\/421"}],"collection":[{"href":"https:\/\/saggaac.com\/saggapg\/wp-json\/wp\/v2\/pages"}],"about":[{"href":"https:\/\/saggaac.com\/saggapg\/wp-json\/wp\/v2\/types\/page"}],"author":[{"embeddable":true,"href":"https:\/\/saggaac.com\/saggapg\/wp-json\/wp\/v2\/users\/1"}],"replies":[{"embeddable":true,"href":"https:\/\/saggaac.com\/saggapg\/wp-json\/wp\/v2\/comments?post=421"}],"version-history":[{"count":88,"href":"https:\/\/saggaac.com\/saggapg\/wp-json\/wp\/v2\/pages\/421\/revisions"}],"predecessor-version":[{"id":5817,"href":"https:\/\/saggaac.com\/saggapg\/wp-json\/wp\/v2\/pages\/421\/revisions\/5817"}],"wp:attachment":[{"href":"https:\/\/saggaac.com\/saggapg\/wp-json\/wp\/v2\/media?parent=421"}],"curies":[{"name":"wp","href":"https:\/\/api.w.org\/{rel}","templated":true}]}}