{"id":3998,"date":"2020-08-04T18:20:09","date_gmt":"2020-08-04T23:20:09","guid":{"rendered":"https:\/\/saggaac.com\/saggapg\/?page_id=3998"},"modified":"2026-04-09T19:58:59","modified_gmt":"2026-04-10T00:58:59","slug":"quienes-somos","status":"publish","type":"page","link":"https:\/\/saggaac.com\/saggapg\/quienes-somos\/","title":{"rendered":"Inicio"},"content":{"rendered":"\n\t\t<div class=\"container eb_block_container\">\n\t\t\t<div id=\"eb_container_xB7BSFuxb0ZcxI5lyzVe\" class=\"\">\n\t\t\t\t\n\n<h1 class=\"has-text-align-center\"><em>Protegemos tus datos. Aceleramos tu negocio.<\/em><\/h1>\n\n\n\n<div class=\"wp-container-2 is-content-justification-center is-nowrap wp-block-group\">\n<div class=\"wp-container-1 is-nowrap wp-block-group\">\n<p class=\"has-text-align-center has-vivid-cyan-blue-color has-text-color\">+10 a\u00f1os de experiencia |<\/p>\n\n\n\n<p class=\"has-text-align-center has-vivid-cyan-blue-color has-text-color\">Proyectos en Latinoam\u00e9rica |<\/p>\n\n\n\n<p class=\"has-text-align-center has-vivid-cyan-blue-color has-text-color\">Enfoque en resultados reales |<\/p>\n\n\n\n<p class=\"has-text-align-center has-vivid-cyan-blue-color has-text-color\">Alianzas con l\u00edderes tecnol\u00f3gicos<\/p>\n<\/div>\n<\/div>\n\n\n\n<figure class=\"wp-block-embed aligncenter is-type-video is-provider-youtube wp-block-embed-youtube wp-embed-aspect-16-9 wp-has-aspect-ratio\"><div class=\"wp-block-embed__wrapper\">\n<iframe loading=\"lazy\" title=\"Secci\u00f3n Emprendedores- Entrevista con la C\u00e1mara de Comercio de Guayaquil 30 Nov 2024\" width=\"640\" height=\"360\" src=\"https:\/\/www.youtube.com\/embed\/C8yL03RlCoE?feature=oembed\" frameborder=\"0\" allow=\"accelerometer; autoplay; clipboard-write; encrypted-media; gyroscope; picture-in-picture; web-share\" referrerpolicy=\"strict-origin-when-cross-origin\" allowfullscreen><\/iframe>\n<\/div><\/figure>\n\n\n\n<div style=\"height:20px\" aria-hidden=\"true\" class=\"wp-block-spacer\"><\/div>\n\n\t\t\t<\/div>\n\t\t<\/div>\n\n\t\t<style>\n\t\t\t\n\t\t\t#eb_container_xB7BSFuxb0ZcxI5lyzVe {\n\t\t\t\tpadding-top: 30px;\n\t\t\t\tpadding-bottom: 0px;\n\t\t\t\tpadding-left: 20px;\n\t\t\t\tpadding-right: 20px;\n\t\t\t}\n\n\t\t\t@media (min-width: 768px) and (max-width: 1024px) {\n  \n\t\t\t \t#eb_container_xB7BSFuxb0ZcxI5lyzVe {\n\t\t\t\t\tpadding-top: 0px;\n\t\t\t\t\tpadding-bottom: 0px;\n\t\t\t\t\tpadding-left: 0px;\n\t\t\t\t\tpadding-right: 0px;\n\t\t\t\t}\n\t\t\t  \n\t\t\t}\n\n\t\t\t@media (min-width: 320px) and (max-width: 767px) {\n  \n\t\t\t\t#eb_container_xB7BSFuxb0ZcxI5lyzVe {\n\t\t\t\t\tpadding-top: 0px;\n\t\t\t\t\tpadding-bottom: 0px;\n\t\t\t\t\tpadding-left: 0px;\n\t\t\t\t\tpadding-right: 0px;\n\t\t\t\t}\n\t\t\t  \n\t\t\t}\n\n\t\t<\/style>\n\n\t\t\n\n\n<div style=\"height:30px\" aria-hidden=\"true\" class=\"wp-block-spacer\"><\/div>\n\n\n\n\t<style>\n\t\t\n        \n            #eb_countup_yGmehyzt5HTjmNqf9JaE {\n                background: url( https:\/\/saggaac.com\/saggapg\/wp-content\/uploads\/2020\/09\/sagga715-1024x625.jpg ) no-repeat;\n                background-size: cover;\n                background-attachment: inherit;\n                position: relative;                \n            }\n\n            \n        #eb_countup_yGmehyzt5HTjmNqf9JaE {\n            padding: 60px 15px 60px;\n        }\n\n\t\t#eb_countup_yGmehyzt5HTjmNqf9JaE .eb_countup_title_desc > h2:after {\n\t\t\tborder-color: #0dbae8;\n\t\t}\n\n        \/* \n          ##Device = Tablets, Ipads (portrait)\n        *\/    \n\n        @media (min-width: 768px) and (max-width: 1024px) , (min-width: 768px) and (max-width: 1024px) and (orientation: landscape) {\n            #eb_countup_yGmehyzt5HTjmNqf9JaE {\n                padding: 50px 15px 50px;\n            }\n        }\n\n        \/* \n          ##Device = Most of the Smartphones Mobiles (Portrait)\n        *\/\n\n        @media (min-width: 300px) and (max-width: 767px) {\n            #eb_countup_yGmehyzt5HTjmNqf9JaE {\n                padding: 50px 15px 50px;\n            }\n        }\n\n\t<\/style>\n\n\t<section \n    class=\"counter_style_1 eb_counter_wrapper \" \n    id=\"eb_countup_yGmehyzt5HTjmNqf9JaE\">\n\n        \n        <div class=\"container1 container\">\n            \n           \n\n            <div class=\"row facts_row\">\n\n            \t\n            \t\t<div \n                    class=\"col-md-4 col-sm-6 col-xs-6 facts_col\"> \n\t                    <div class=\"count-facts_wrapper\">\n\t                        \n\t                        <div class=\"count-para\" style=\"width: 100%; text-align: center;\">\n\t                          \t<p \n                                style=\"font-size: 70px; line-height: 50px;color: #ffffff;font-weight: 800\"\n\t                          \tclass=\"count-facts_figure timer\" \n                                data-prefix=\"\"\n                                data-suffix=\"\"\n\t                          \tdata-to=\"115\" \n\t                          \tdata-speed=\"3000\"\n\t                          \tdata-ordinal=\"true\" \n                                data-render-with=\"html\" \n\t                          \tdata-decimals=\"0\">\n\t                          \t\t115\t                          \t<\/p>\n\t                            <p \n                                class=\"count-facts_title\"\n                                style=\"font-size: 24px;color: #ffffff; font-weight: normal; text-aling:center;\">\n                                    CLIENTES SATISFECHOS                                <\/p>\n\t                        <\/div>\n\t                    <\/div>\n\t                <\/div>\n\n            \t\t\n            \t\t<div \n                    class=\"col-md-4 col-sm-6 col-xs-6 facts_col\"> \n\t                    <div class=\"count-facts_wrapper\">\n\t                        \n\t                        <div class=\"count-para\" style=\"width: 100%; text-align: center;\">\n\t                          \t<p \n                                style=\"font-size: 70px; line-height: 50px;color: #ffffff;font-weight: 800\"\n\t                          \tclass=\"count-facts_figure timer\" \n                                data-prefix=\"\"\n                                data-suffix=\"\"\n\t                          \tdata-to=\"12\" \n\t                          \tdata-speed=\"3000\"\n\t                          \tdata-ordinal=\"true\" \n                                data-render-with=\"html\" \n\t                          \tdata-decimals=\"0\">\n\t                          \t\t12\t                          \t<\/p>\n\t                            <p \n                                class=\"count-facts_title\"\n                                style=\"font-size: 24px;color: #ffffff; font-weight: normal; text-aling:center;\">\n                                    A\u00d1OS DE SERVICIO                                <\/p>\n\t                        <\/div>\n\t                    <\/div>\n\t                <\/div>\n\n            \t\t\n            \t\t<div \n                    class=\"col-md-4 col-sm-6 col-xs-6 facts_col\"> \n\t                    <div class=\"count-facts_wrapper\">\n\t                        \n\t                        <div class=\"count-para\" style=\"width: 100%; text-align: center;\">\n\t                          \t<p \n                                style=\"font-size: 70px; line-height: 50px;color: #ffffff;font-weight: 800\"\n\t                          \tclass=\"count-facts_figure timer\" \n                                data-prefix=\"\"\n                                data-suffix=\"\"\n\t                          \tdata-to=\"210\" \n\t                          \tdata-speed=\"3000\"\n\t                          \tdata-ordinal=\"true\" \n                                data-render-with=\"html\" \n\t                          \tdata-decimals=\"0\">\n\t                          \t\t210\t                          \t<\/p>\n\t                            <p \n                                class=\"count-facts_title\"\n                                style=\"font-size: 24px;color: #ffffff; font-weight: normal; text-aling:center;\">\n                                    IMPLEMENTACIONES EXITOSAS                                <\/p>\n\t                        <\/div>\n\t                    <\/div>\n\t                <\/div>\n\n            \t\t\n            <\/div>\n         <\/div>\n\n                    <div \n            class=\"black-overlay\" \n            style=\"background: rgba(0,51,255,0.3)\"><\/div>\n            \n    <\/section>\n\n\t\n\n\n<h2 class=\"has-text-align-center\"><em>\u00danete a nuestro equipo<\/em><\/h2>\n\n\n\n\t\t<div class=\"container eb_block_container\">\n\t\t\t<div id=\"eb_container_k6rfLTjZiXgDnKYlwMng\" class=\"\">\n\t\t\t\t\n\n<p class=\"has-text-align-center\">En SAGGA creemos en el talento que transforma.<\/p>\n\n\n\n<p class=\"has-text-align-center\">Si te apasiona la tecnolog\u00eda y quieres crecer en proyectos desafiantes junto a un equipo de alto nivel, este es tu lugar.<\/p>\n\n\n\n<p class=\"has-text-align-center\"><strong>\ud83d\udce9 Env\u00edanos tu CV a <a href=\"mailto:talento@saggaac.com\" target=\"_blank\" rel=\"noreferrer noopener\">talento@saggaac.com<\/a><\/strong> y cu\u00e9ntanos en qu\u00e9 te gustar\u00eda crecer con nosotros.<\/p>\n\n\t\t\t<\/div>\n\t\t<\/div>\n\n\t\t<style>\n\t\t\t\n\t\t\t#eb_container_k6rfLTjZiXgDnKYlwMng {\n\t\t\t\tpadding-top: 0px;\n\t\t\t\tpadding-bottom: 0px;\n\t\t\t\tpadding-left: 0px;\n\t\t\t\tpadding-right: 0px;\n\t\t\t}\n\n\t\t\t@media (min-width: 768px) and (max-width: 1024px) {\n  \n\t\t\t \t#eb_container_k6rfLTjZiXgDnKYlwMng {\n\t\t\t\t\tpadding-top: 0px;\n\t\t\t\t\tpadding-bottom: 0px;\n\t\t\t\t\tpadding-left: 0px;\n\t\t\t\t\tpadding-right: 0px;\n\t\t\t\t}\n\t\t\t  \n\t\t\t}\n\n\t\t\t@media (min-width: 320px) and (max-width: 767px) {\n  \n\t\t\t\t#eb_container_k6rfLTjZiXgDnKYlwMng {\n\t\t\t\t\tpadding-top: 0px;\n\t\t\t\t\tpadding-bottom: 0px;\n\t\t\t\t\tpadding-left: 0px;\n\t\t\t\t\tpadding-right: 0px;\n\t\t\t\t}\n\t\t\t  \n\t\t\t}\n\n\t\t<\/style>\n\n\t\t\n\n\n<p><\/p>\n","protected":false},"excerpt":{"rendered":"<p>\u00danete a nuestro equipo<\/p>\n","protected":false},"author":1,"featured_media":0,"parent":0,"menu_order":0,"comment_status":"closed","ping_status":"closed","template":"page-templates\/full-width.php","meta":[],"uagb_featured_image_src":{"full":false,"thumbnail":false,"medium":false,"medium_large":false,"large":false,"elegant_blocks_team_1":false,"elegant_blocks_blog_1":false,"elegant_blocks_slider_1":false,"1536x1536":false,"2048x2048":false,"bizberg_medium":false,"bizberg_gallery":false,"bizberg_blog_list":false,"bizberg_detail_image":false,"bizberg_detail_image_no_sidebar":false,"bizberg_portfolio_homepage":false,"bizberg_blog_list_no_sidebar_1":false},"uagb_author_info":{"display_name":"admin","author_link":"https:\/\/saggaac.com\/saggapg\/author\/admin\/"},"uagb_comment_info":0,"uagb_excerpt":"\u00danete a nuestro equipo","_links":{"self":[{"href":"https:\/\/saggaac.com\/saggapg\/wp-json\/wp\/v2\/pages\/3998"}],"collection":[{"href":"https:\/\/saggaac.com\/saggapg\/wp-json\/wp\/v2\/pages"}],"about":[{"href":"https:\/\/saggaac.com\/saggapg\/wp-json\/wp\/v2\/types\/page"}],"author":[{"embeddable":true,"href":"https:\/\/saggaac.com\/saggapg\/wp-json\/wp\/v2\/users\/1"}],"replies":[{"embeddable":true,"href":"https:\/\/saggaac.com\/saggapg\/wp-json\/wp\/v2\/comments?post=3998"}],"version-history":[{"count":93,"href":"https:\/\/saggaac.com\/saggapg\/wp-json\/wp\/v2\/pages\/3998\/revisions"}],"predecessor-version":[{"id":5870,"href":"https:\/\/saggaac.com\/saggapg\/wp-json\/wp\/v2\/pages\/3998\/revisions\/5870"}],"wp:attachment":[{"href":"https:\/\/saggaac.com\/saggapg\/wp-json\/wp\/v2\/media?parent=3998"}],"curies":[{"name":"wp","href":"https:\/\/api.w.org\/{rel}","templated":true}]}}